mon factor of 2 and c?
2
Suppose -z + 121 = -u - 2*z, -5*u - 2*z - 605 = 0. Let m be u/(0 + -1 - 0). Calculate the greatest common factor of 11 and m.
11
Let g = -45 - -75. Calculate the greatest common divisor of g and 6.
6
Suppose 3*f = f + 6. Suppose -f*a = -6*a + 24. What is the highest common factor of 12 and a?
4
Let u(h) = -h**2 - 8*h + 2. Let g be u(-6). Let w be 10*-1*56/(-10). Calculate the greatest common factor of g and w.
14
Let g(y) = -y**2 + y + 5. Let n be g(0). Let b = -15 - -17. Suppose b*o = -n*u + 105, 2*o - 5*u - 197 = -62. What is the highest common factor of o and 15?
15
Let l be 33 - (-2 + 8 + -3). Suppose 3*d = -2*d + l. Calculate the highest common factor of d and 6.
6
Let i be ((-49)/(-28))/((-2)/8). Let o(c) = 2*c**2 + 3*c - 5. Let k be o(i). What is the highest common divisor of k and 8?
8
Let s = 270 - 180. What is the highest common factor of s and 36?
18
Suppose -27*p = -7*p - 180. What is the highest common divisor of p and 6?
3
Suppose 0 = -5*n + 5*u + 157 - 37, -2*u - 73 = -3*n. Suppose 3 = 3*s, 0 = -5*r - s - 2189 + 55. Let m = r + 602. What is the greatest common factor of m and n?
25
Let r = 345 + -85. Suppose -5*u + 4*c = -c + 335, 2*c = 4*u + r. Let k = 58 - u. Calculate the highest common factor of k and 11.
11
Suppose -5*m + 109 - 19 = 0. Let v(u) = -u + 5. Let r(y) = -6. Let x(a) = -4*r(a) - 5*v(a). Let k be x(2). Calculate the highest common divisor of m and k.
9
Let v be (-2)/(-3*1/54). Let q = 3 + 0. Let c = q - -1. Calculate the greatest common factor of c and v.
4
Let c = 37 - -5. Calculate the greatest common factor of c and 21.
21
Suppose -5*q - 3*z = -26, 2*q - 2*z = 3*q - 8. Suppose -2*j - 2*j + q*a + 36 = 0, 0 = -3*j + a + 21. What is the greatest common divisor of j and 12?
6
Suppose 27*g - 28*g + 10 = 0. Let w be 297/15 - (-1)/5. What is the greatest common factor of g and w?
10
Let a(q) = 17*q + 4. Let z be 2 + 2*1/(-2). Let m = z - -2. Let k be a(m). Calculate the greatest common factor of 11 and k.
11
Let c be 1*58 - (-4 - -1). Suppose 3*l + 1 = c. Calculate the greatest common factor of 4 and l.
4
Suppose 4*k = -2*l - 10, 2*l - 5*k - 10 = -56. Let s = 22 + l. Suppose -5*q + n + 41 = -0*n, -4*n = -16. What is the highest common factor of s and q?
9
Let s be (-3)/6*(-29 + 6/2). Calculate the greatest common divisor of 52 and s.
13
Let m be (-20)/(-6) - 3/9. Let k(j) = j. Let z(x) = 3*x - 2. Let o(l) = -6*k(l) + 3*z(l). Let d be o(4). Calculate the greatest common factor of m and d.
3
Let t = -124 + 125. Let p = 11 - 5. Calculate the highest common divisor of p and t.
1
Let r be 140/16 + 2/8. Let w be (-392)/(-18) + 2/r. What is the highest common factor of w and 66?
22
Let i be (-3 + -23 + -1)*-1. Let a be 4/(-18) + (-328)/(-18). Calculate the highest common factor of a and i.
9
Suppose v - 4*v + 75 = 0. Calculate the highest common divisor of 250 and v.
25
Suppose -36 = -3*f - 2*v, 6*f - 3*v = f + 79. What is the greatest common divisor of 63 and f?
7
Let k be (-5)/(-7) + 4/14. Let y be 5/1*(-10)/(-50). Calculate the greatest common factor of k and y.
1
Let z(f) = -f**3 - 6*f**2 - 6*f + 5. Let y be z(-5). Calculate the greatest common factor of 70 and y.
10
Let q(g) = -g**3 + 5*g**2 + g - 3. Let h be q(2). Let m = 224 - 147. Calculate the highest common factor of m and h.
11
Let f(q) = 8*q - 55. Let t be f(7). Calculate the greatest common divisor of 1 and t.
1
Let k = 185 + -104. Calculate the greatest common factor of k and 9.
9
Let c(y) = 4*y**2 + 7*y - 7. Let s be c(-3). Suppose -100 = -0*a - 2*a - 3*z, -3*a - 2*z + 160 = 0. What is the greatest common divisor of s and a?
8
Suppose 3*l - 3 = -0*l. Let n be (10/6)/(l/(-138)). Let q be 2/9 + n/(-18). Calculate the highest common factor of q and 104.
13
Suppose 3*r + 4*o - 96 = 0, 38 + 49 = 3*r + o. Calculate the greatest common factor of r and 14.
14
Suppose 2*f + 2 = -0*f + 2*m, f - 3 = -m. Suppose 5*a + 3*j - 74 = 42, 4*j = -3*a + 74. Let k = a - f. What is the highest common factor of 3 and k?
3
Suppose -4*s = -s + 3*u - 93, -3*s = -2*u - 118. Calculate the greatest common factor of s and 12.
12
Suppose -5*x + v + 496 = 4*v, 3*x - 5*v = 284. Let m be 146/10 + 2/5. Let d = 29 - m. Calculate the highest common factor of d and x.
14
Let h(n) = -n**3 + 19*n**2 - 59*n + 48. Let k be h(15). Suppose -5*f + 50 + 55 = 0. What is the greatest common divisor of k and f?
21
Let a = 62 - 56. What is the highest common factor of 78 and a?
6
Let o = 815 - 531. Let f(n) = n**3 + 3*n**2 - 7*n - 1. Let d be f(5). Let r = o - d. What is the greatest common divisor of r and 20?
20
Let f be 51 + (1 - 1 - 1). Suppose 0 = -g - 2 + 13. Suppose g = 3*q - 19. Calculate the greatest common factor of q and f.
10
Let m = 77 + -72. Suppose j + 36 = 2*u, 0*u - j = -4*u + 76. Calculate the highest common factor of m and u.
5
Let r(b) = -2*b**3 - 5*b**2 + 6*b + 1. Let v be r(-5). Let t be 15/10*8/(-3). Let c be t/(-2) + 5 + 5. Calculate the greatest common divisor of v and c.
12
Suppose -2*x = -4 - 44. Suppose -4*f = -5*z - 89, -f + 3*z + x = -0*f. What is the greatest common divisor of 7 and f?
7
Let v be 2/((6/(-15))/(-1)). Suppose 10 = -5*r + 5*a, r = -0*r + v*a - 22. Suppose -4 = -u, r*w - 4*u = -1 - 3. Calculate the highest common divisor of 1 and w.
1
Suppose -2*o + 2*y = 3*o + 13, -5*y = -2*o - 1. Let h = 6 - o. Let x = -3 - -12. Calculate the highest common divisor of x and h.
9
Suppose -5*v - 4*b = -17 + 1, -4*v = 3*b - 13. Let p(c) = 6*c. Let m be p(v). Calculate the greatest common factor of 12 and m.
12
Let x = -3 - -3. Suppose x = -3*m - m + 8. Calculate the greatest common divisor of m and 2.
2
Let k(l) be the second derivative of 3*l**5/20 + l**4/12 + l**2/2 + 2*l. Let b be k(2). Suppose -3*y + b = -1. Calculate the highest common divisor of y and 70.
10
Let j = -98 - -59. Let m = -24 - j. Calculate the greatest common divisor of m and 6.
3
Let b be (-3*(-3)/15)/(6/1110). What is the highest common factor of b and 37?
37
Suppose -3*n = -4*n + 3, 5*s = n + 637. Calculate the highest common divisor of s and 16.
16
Let g be 5*2*24/(-20). Let t(u) = u + 27. Let b be t(g). Calculate the highest common divisor of 5 and b.
5
Suppose 2*r - 10 = 4*p, p + 2*p = 5*r - 32. Let w be (3 - r) + (-1 - -20). What is the highest common factor of w and 30?
15
Let d = 29 - -16. Calculate the greatest common factor of d and 9.
9
Let t = -7 - -10. Suppose -10*s + 14 = 2*r - 6*s, s - 17 = -2*r. What is the highest common divisor of r and t?
3
Let o be 438/8 + -6*6/(-144). What is the greatest common divisor of o and 11?
11
Suppose -2*m + 20 - 4 = 0. Suppose -z + 0 + m = 0. What is the greatest common factor of 32 and z?
8
Let k(b) = b**3 + 5*b**2 - 3*b - 6. Let l be k(-4). Let a = 8 - 6. Let g be (a/6)/((-2)/(-66)). Calculate the greatest common factor of g and l.
11
Let d = 25 - -19. Let p(a) = -a**2 + 2*a + 2. Let j be p(3). Let b be (2 - (j + -1)) + 0. What is the highest common divisor of b and d?
4
Let l(q) = -5*q**2 - 2*q + 1. Let u be l(-3). Let f = 206 - 119. Let h = f + u. Calculate the highest common divisor of 7 and h.
7
Let y = 6 + -4. Suppose y*l + l - 75 = 0. Calculate the greatest common factor of 5 and l.
5
Let v(s) = -11*s - 22. Let p be v(-18). Let u(j) = -3*j**3 - 2*j**2 - 4*j - 2. Let n be u(-2). What is the highest common divisor of p and n?
22
Suppose 0 = -4*l - 21 + 201. Calculate the greatest common factor of 15 and l.
15
Let v = -15 + 11. Let z(p) = -2*p - 5. Let m be z(v). Let s be 4/((-8)/(-78)) - m. What is the highest common factor of s and 4?
4
Let g be 129/27 - 8/(-36). Calculate the highest common factor of 2 and g.
1
Let w(h) = 2*h + 22. Let o be w(-9). Calculate the greatest common divisor of o and 44.
4
Let q(z) = 4*z**3 - 2*z**2 + 2*z - 1. Let i be q(1). What is the greatest common divisor of i and 24?
3
Suppose -5*p + 4*h + 499 = 0, -p - 3*h + 34 + 62 = 0. Let b be -16*(-2)/(16/10). Let n be 205/b + (-3)/(-4). What is the greatest common factor of n and p?
11
Suppose -2*s - 2*s + 224 = 0. Let h(g) = -g. Let t be h(9). Let u be 3/(-3) + (0 - t). Calculate the greatest common factor of s and u.
8
Let u(g) = 2*g - 14. Let k be u(8). Suppose -k*q + 5*d + 144 = 0, 0 = 5*q - 3*d + d - 360. Calculate the highest common divisor of 8 and q